) = x**2 - x - x**2 + 5*x**2. Let t = 1524 - 719. Let z = t - 806. Calculate o(z).
6
Suppose -32*l - 640 = -160*l. Let p(b) = -b**3 + 4*b**2 + 3*b + 10. What is p(l)?
0
Let k(o) = 3*o**2 + 4*o + 26. Let b(f) = -2*f**2 - 3*f - 17. Let r(s) = 7*b(s) + 5*k(s). Suppose 21*p = 25*p - 45*p. Calculate r(p).
11
Let m(j) = 44*j - 159. Let l(o) = -132*o + 449. Let r(z) = -6*l(z) - 17*m(z). Give r(-2).
-79
Let p = 281 + -286. Suppose -1 + 3 = 2*j, 4*j - 4 = -2*o. Let r(g) = 1 + o*g + 2 + 4*g. Calculate r(p).
-17
Let b be 42/8*(-120)/(-18). Suppose 5*r - 125 = -b. Suppose r*u = 23*u + 35. Let j(w) = w**3 + 7*w**2 + 2*w + 8. Determine j(u).
-6
Let i(x) = 109*x + 1520. Let j be i(-14). Let b = 10 + -6. Let u(w) = 2*w**2 + 14*w + 9. Let f(c) = c**2 + 7*c + 4. Let r(o) = b*u(o) - 7*f(o). Determine r(j).
2
Let w(y) = 9*y**2 + 10*y - 79. Let m(a) = -a**2 - 2*a - 3. Let t(x) = -10*m(x) - w(x). Calculate t(0).
109
Let c = -18 - -36. Let q(d) = d**3 - 5*d**2 - 7*d + 9. Let m be q(6). Suppose -c = 3*f + z, 30 = -m*f - 2*f + z. Let r(b) = b + 5. Give r(f).
-1
Let l(v) = -v + 4. Let s(x) = 12*x + 237. Let j(h) = -12*l(h) + s(h). Calculate j(-8).
-3
Let v(s) = -10 + 6 + s + 6. Let n(b) = -2*b**3 + 16*b**2 - b + 1. Let k be n(8). Calculate v(k).
-5
Let m(y) = -7*y - 36. Let b(p) = 35*p + 200. Let u(z) = 6*b(z) + 33*m(z). What is u(-4)?
96
Let b(p) = 8*p - 6*p - 3 - 5*p + 3*p - p. Let k = -436 - -449. Calculate b(k).
-16
Suppose -11*c - 6*c - 68 = 0. Let w(g) = -16*g - 63. Let i be w(c). Let x(d) = 14*d. Give x(i).
14
Let o(v) = -v - 9. Let w be 42 - (7 + -1)*35/(-105). Let b be w/242 + (-112)/11. Calculate o(b).
1
Let q(v) = v**2 + 16*v + 4. Let x be (-2)/((-18)/(-93)) + (-380)/570. Determine q(x).
-51
Let r = 67 + -66. Suppose 53 + r = -18*j. Let p(t) = -2*t**2 + 3*t - 6. Let k(c) = -c + 1. Let l(g) = 5*k(g) + p(g). Give l(j).
-13
Let r(m) be the first derivative of m**6/360 - m**5/120 + m**4/4 + 152*m**3/3 + 100. Let a(w) be the third derivative of r(w). What is a(0)?
6
Let w(l) be the second derivative of -3/5*l**5 - 1/6*l**3 + 1 - 1/12*l**4 - 53*l + 0*l**2. What is w(-1)?
12
Let u(b) = 2*b + 2. Let z(k) = -41*k - 115. Let l(x) = -20*x - 57. Let s(p) = 13*l(p) - 6*z(p). Let a be s(-4). Give u(a).
12
Let p(u) = -u**2 + 0*u**2 + 3387 + 14*u - 3426. What is p(16)?
-71
Suppose -163*r - 60*r - 2820 = 12*r. Let q(v) = -v**3 - 11*v**2 + 10*v - 9. Give q(r).
15
Let n(p) = -9*p**2 + 34*p + 53. Let k(y) = -y**2 + 7*y + 11. Let w(j) = 5*k(j) - n(j). Let t be 1*4*1/(-2). Give w(t).
16
Let k(z) = 3*z**2 + 46*z + 71. Let c be k(-13). Let t(f) = 4*f + 56. Calculate t(c).
-24
Suppose -8*y = -17*y - 108. Let k be 3/y + 41/4. Let v(c) = c**3 - 11*c**2 + 9*c + 11. Give v(k).
1
Let l be (((-120)/18)/(-10))/(2/1221). Let q(s) = -408*s + 3*s**3 + l*s - s**3 - 1. Calculate q(-1).
-2
Let q(a) = 14*a + 1. Suppose 23*i - 992 = 27*i. Let d = -249 - i. Give q(d).
-13
Suppose -11*h + 9 = -3*m - 8*h, 0 = -4*m - 5*h + 24. Let u be (9/3)/(1/1). Let i(p) = 25*p - m - u*p - 11*p - 10*p. Give i(8).
7
Let r be (21 - (-1032)/(-48))*22. Let i(p) = 2*p - 69. Calculate i(r).
-91
Let g(f) = 35 - 36*f + 36*f - f. Determine g(31).
4
Let c(n) = -7*n - 6. Let o(x) = -x**2 + 6*x + 5. Let t(q) = q**2 + 16*q + 59. Let r be t(-5). Let f(p) = r*c(p) + 5*o(p). What is f(-1)?
-6
Let a(o) = 27*o - 66. Let r(y) = 3*y + 4. Let k(q) = -a(q) + 5*r(q). Calculate k(7).
2
Let b(y) = 2*y**2 + 8*y + 3. Let a be ((-12)/14)/((-9)/(-63)). Let m be (-1 - -6)*(1 - (8 + a)). Calculate b(m).
13
Suppose -2*l = -90 - 408. Let s(z) = 4*z**2 - 5*z**2 - 18 + 266*z - 494*z + l*z. Determine s(20).
2
Suppose 4*v = -f + 115, -2*f = -v + 66 - 26. Let a(d) = d**2 - 31*d + 63. Determine a(v).
33
Let y(t) = -18*t - 46. Let m(d) be the third derivative of -13*d**4/24 - 31*d**3/6 - 143*d**2. Let g(v) = 7*m(v) - 5*y(v). What is g(6)?
7
Suppose -r + 20 = 5*g + 2*r, -4*g = -2*r + 6. Suppose -1 + 7 = 3*b. Let q(n) = -6*n - g + 2 - b + 0. What is q(2)?
-13
Let z(q) = -q**3 - 5*q**2 + 7*q - 7. Let p(v) = 2*v**3 + 14*v**2 - 20*v + 20. Let k be (1 - 6/(-6)) + 15. Let j(r) = k*z(r) + 6*p(r). Give j(1).
-6
Suppose -5*t + 5*r - 5 = 0, 2*t - 5*r + 10*r = 33. Let o(y) = -30*y + 63. Let l(v) = -9*v + 19. Let b(s) = 7*l(s) - 2*o(s). Give b(t).
-5
Suppose -36 = -6*f + 24. Suppose p + f*h = 14*h - 20, 0 = -5*p + h - 43. Let b(j) = -j**3 - 7*j**2 + 7*j + 3. Give b(p).
11
Let d(h) = -2*h + 22. Suppose -11*t + 54 = 7*t. Let j(o) = -o + 10. Let q(c) = t*d(c) - 5*j(c). Let w = 0 + 7. Calculate q(w).
9
Let b(m) = m**3 - 7*m - 1. Let h be (592/444)/(1/3). What is b(h)?
35
Let n = 9532 - 9528. Let q(r) = -16*r + 71. What is q(n)?
7
Let f(u) = 11*u. Let n = -3 - -6. Suppose -29 = -n*h - 2*a - 32, 0 = -3*a - 9. Calculate f(h).
11
Let g(m) = -121 + 119 - 2*m + 5*m**2 + 2*m**2 - 6*m**2. Calculate g(-3).
13
Let i(q) = -5*q**2 + 8*q + 2. Suppose -6*f + 207 + 411 = 0. Let t = f - 108. Let r(p) = 4*p**2 - 7*p - 1. Let j(o) = t*i(o) - 6*r(o). Calculate j(-3).
-1
Suppose 3*k = -5*x + 721, x - 3*k + 41 = 178. Let g = 139 - x. Let d be (1/g)/(24/(-192)). Let l(o) = o**2 - o + 1. Determine l(d).
3
Let u be (1/1)/((-167)/(-334)). Let i(h) = -h**2 - 13*h + 27. Calculate i(u).
-3
Suppose 0 = 2*p - 4*a + 20, 12*a - 11*a - 12 = -3*p. Let h(j) = 5*j - 5. Calculate h(p).
5
Let h(z) be the third derivative of -z**7/5040 + z**6/720 - z**5/60 - 37*z**3/6 - 94*z**2. Let k(y) be the third derivative of h(y). Calculate k(6).
-5
Let v = 533 + -532. Let q(a) = -4 - a - 5 + v + 1 + 1. Determine q(2).
-8
Let j(k) = -3*k**3 - k**2 + 3*k + 3. Suppose 4*s = 5*r + 162, 3*r + 6 + 96 = 4*s. Let i = 32 + r. Suppose -5*z - 9 = -b, i*z - 6*z + 2*b = 6. Calculate j(z).
17
Suppose 0 = -2*z - y - 17, 267*z - 271*z + 4*y - 64 = 0. Let s(w) = -w**3 - 10*w**2 + 14*w + 11. What is s(z)?
-22
Let t(c) = 5*c - 2370 + 1201 - c + 1210 - c. Determine t(-13).
2
Suppose 4*r - 3*b - 171 = -4*b, -b - 173 = -4*r. Let g = -45 + r. Let m(f) be the first derivative of 4*f**3/3 + f**2/2 - 2*f + 13. Determine m(g).
12
Suppose 4*c = 28*h - 21*h + 60, 0 = 4*h + 4*c - 16. Suppose 3*p = -3*w + 24 + 3, 0 = -w + 3*p + 1. Let r(q) = -4*q + w*q - 4*q. Give r(h).
4
Let o(k) be the second derivative of -k**4/6 + 37*k**3/6 - 51*k**2/2 + 130*k - 5. Calculate o(18).
-33
Let z(i) be the first derivative of i**4/4 + i**3/3 + i**2/2 - i - 2. Let n(a) = -9*a**2 + 158*a - 85. Let u be n(17). Give z(u).
-1
Suppose 0 = 3*r + 2*h - 20, -3*h - 24 + 9 = -3*r. Let a(c) = 2*c - 19. Calculate a(r).
-7
Let b(i) be the second derivative of -i**5/20 - i**4/12 - i**3/2 - 27*i**2/2 + 4*i - 122. Give b(0).
-27
Let b = 448 - 446. Let v(j) = -61 - 62 - 7*j + 122. Determine v(b).
-15
Let d be -68 - -67 - ((-3)/2*-2 - -2). Let a(m) = m**2 + 10*m + 22. What is a(d)?
-2
Suppose 240*u = -416*u + 10496. Let s(m) = 16*m - 233. Calculate s(u).
23
Let o(i) = 3*i**2 + 4*i - 9. Let l(d) = 19 - 2*d**2 + 87*d - 95*d - 5*d**2. Let a(p) = 2*l(p) + 5*o(p). Calculate a(-6).
5
Suppose 2*l = -7*l - 5*l. Let i(u) = 0 - 2 - 1 + 4. Let r(t) = t - 11. Let p(c) = 5*i(c) + r(c). Calculate p(l).
-6
Let r = 8414 + -8428. Let l(p) = -12*p - 175. Determine l(r).
-7
Let i(r) = -r**3 + 4*r**2 + 6*r - 78. Let q(f) = -f**2 - f. Let l(s) = -i(s) - 5*q(s). Let g(b) be the first derivative of l(b). Calculate g(-3).
20
Let c(n) be the first derivative of -n**4/4 + 2*n**3/3 + n**2/2 + 3*n + 1146. Determine c(2).
5
Let m(n) be the first derivative of n**5/20 - n**4/4 - n**3/3 + 3*n**2/2 + 25*n - 83. Let g(p) be the first derivative of m(p). Give g(3).
-3
Let v(a) = -a**2 - a - 2. Suppose -22*g = 37*g + 246*g + 305. Calculate v(g).
-2
Let t(f) = f + 1. Let v(p) = -10*p - 7. Let w(u) = -11*u - 9. Let h(y) = 7*v(y) - 6*w(y). Let o be h(0). Determine t(o).
6
Let l(a) = -47 - 67 - 10*a - 17 + 201. Determine l(7).
0
Suppose 3*l + 219*l = 2220. Let v(f) = -f**3 + 11*f**2 - 16*f + 63. Give v(l).
3
Let d(h) = -3*h**3 - 14*h**2 - 14*h + 25. Let g(x) = -x**3 - 5*x**2 - 6*x + 12. Let k(y) = -2*d(y) + 5*g(y). What is k(-4)?
2
Suppose -2*m = -5*m. Let z = 4 + m. Let n(y) = -415 - 410 - 3*y**2 + 1642 - 411 - 4*y + y**3 - 409. Give n(z).
-3
Let z(u) be the third derivative of -u**7/2520 - u**6/720 - u**4/8 - 3*u**3/2 + 52*u**2. Let q(p) be the second derivative of z(p). Determine q(-1).
0
Let s(t) = -2*t + 10. Let p